1
Suppose 0 = h + 3*q - 18, -2*h + 17 = 5*q - 14. Let k(c) = -5 - 7*c**2 + 0*c**3 - 3*c**3 - 4*c**h + 8*c**3. Calculate k(7).
-5
Let a(p) = p**2 - 14*p + 32. Let r be a(3). Let g(k) = -12*k**3 + 2*k + 1. Give g(r).
11
Let d(u) be the second derivative of -2*u**2 - 10*u - 2/3*u**3 - 1/12*u**4 + 0. Calculate d(-4).
-4
Suppose 4*w = 3*o - 0*o - 7, -o = -3*w - 9. Let k(s) be the second derivative of -s**4/12 - 5*s**3/6 - s**2 - 5*s. Give k(o).
4
Suppose -7*p = -p - 4*p. Let a(b) = 4*b - 3*b + p*b + 4. Let f = -8 - -4. What is a(f)?
0
Let c(w) = -8*w + 15 - 56 + 12. What is c(-3)?
-5
Let g(c) = -2805 - 2812 - 2804 + 8416 + 4*c. Suppose -4*w + 18 + 10 = 0. Give g(w).
23
Suppose -48 = -5*c - 58. Let a(b) = -4*b**3 - 3*b**2 - b - 1. Determine a(c).
21
Let b(d) = d**2 + 6*d - 5. Let l = 39 - 37. Suppose -13 = g + l*t, -3*g + g + 2*t = 8. Calculate b(g).
2
Let m(g) = 3*g**2 + 1. Suppose -11*a = -6*a. Suppose 4*n - 24 = -a*n. Let r = 5 - n. What is m(r)?
4
Let x = 0 + 2. Let j(c) be the first derivative of c**3/3 - 5*c**2/2 + 2*c + 9415. Give j(x).
-4
Let f(p) be the first derivative of -p**4/4 + 7*p**3/3 + 4*p**2 - 3*p + 1. Let x be f(8). Let r(j) = j + 3. Give r(x).
0
Let t(q) = q**3 + 7*q**2 + 7*q + 8. Suppose 0 = 4*r + 2 + 2. Let f be (0 + 6)*r/1. What is t(f)?
2
Let g(d) = d**3 - 8*d**2 + 3. Let v be g(8). Suppose -4*p - 10 = -v*u, 18 = -2*p - 2*u - 3*u. Let l(o) = -o**3 - 4*o**2 - o + 5. Calculate l(p).
9
Let f(j) be the third derivative of -j**5/20 - j**4/8 + 14*j**2. Suppose 5*t + 11 = 2*i - 5, 3*t - i = -9. Determine f(t).
-6
Let i(c) = 5*c - 2. Let m(q) = -11*q + 5. Let y(u) = -9*i(u) - 4*m(u). Suppose 46*t + 130 - 38 = 0. What is y(t)?
0
Suppose -341*b = -351*b - 10. Let o(p) = 9*p**3 + p + 1. What is o(b)?
-9
Let l = 2 + 15. Let z = l + -15. Let g be 1 + (-14 - -2)/z. Let n(w) = -w + 1. Determine n(g).
6
Let w = -83 - -87. Suppose 3*h = -2*a + a + 4, -w*h + 10 = -a. Let u(r) = -2*r - 2. Calculate u(a).
2
Let b(r) = -2*r - 1. Suppose -3*l - 4 = -1, 2*n - 5*l - 17 = 0. Let f = n + -3. Suppose 17 = f*h + o, 35 - 8 = 4*h - 3*o. What is b(h)?
-13
Let k(y) = y**2 + 8*y - 6. Let v = 5 - -7. Let n be ((-14)/(-28))/(-1 + 11/v). Calculate k(n).
-18
Let b(l) = -2*l**3 + l**2 + 3*l + 1. Let k(f) = -15*f**3 + 12*f**2 + 17*f + 1. Let i(y) = 8*b(y) - k(y). Give i(-5).
-3
Let j = 164 - 141. Let g = j - 23. Let c(n) = 3 - 11 + n - 11. Determine c(g).
-19
Let x be ((-45)/5)/(1 - (-5)/(-2)). Let k(l) = l**3 - 6*l**2. What is k(x)?
0
Let g(c) = -2*c**2 - 3*c. Let v(p) = -3*p**2 - 6*p. Let w be (-4 + 9)/(-1 + 2). Let l(b) = w*g(b) - 3*v(b). Suppose 0 = 2*n + n - 12. What is l(n)?
-4
Suppose -1 + 3 = 2*s. Suppose s + 4 = -5*b, -4*m = -3*b + 5. Let r(h) = 8*h**2 + 22*h + 4. Let t(x) = x**2 + 4*x + 1. Let i(z) = -r(z) + 5*t(z). Calculate i(m).
-7
Let k(w) be the first derivative of -w**3/3 - w**2/2 + w + 3. Let r(c) = c**2 - c**2 - 3*c - 12 + 5*c**2 - 4*c**2. Let h be r(5). Calculate k(h).
-1
Suppose 0 = -2*v - 2*p - 3 + 1, -5*v + 3*p = -3. Let i(y) be the third derivative of y**6/120 + y**4/24 + 3*y**2. Give i(v).
0
Let t(b) = 23*b**3 - b. Let p(j) = j. Let c be 8/2*(-6)/(-24). Let q be p(c). Calculate t(q).
22
Let u(m) be the first derivative of -m**2/2 - 5*m - 83. Determine u(-12).
7
Let z(n) be the first derivative of -2*n - n**3 + 1/2*n**2 + 1/4*n**4 + 12. What is z(3)?
1
Let y(f) = -f + 2. Let x(c) = 2*c - 1. Let i(n) = 3*x(n) + 3*y(n). Suppose -d = -5*q + 7, 3*q - d - 5 = -0*d. Suppose o - q = 3. Determine i(o).
15
Let u be (-34)/(-8) + 2/(-8). Let f(n) be the first derivative of -n**3/3 + n - 1325. Calculate f(u).
-15
Let z(i) = -2*i + 5*i**2 + 6*i - 8 - 5*i - i**3 + 7*i - 2*i. Determine z(6).
-20
Let w(l) be the first derivative of l**3/3 - 4*l**2 + 5*l - 149. Determine w(6).
-7
Let l(q) = -q**2 - 2*q + 2. Suppose 2*z = -4*a - 78, 73 = -3*a - 3*z + 7. Let c = a + 13. Calculate l(c).
-6
Let z(k) = -4*k - 3. Suppose -2*y = 2*r - 6 + 2, r + 5*y = -2. Let h(v) = -1. Let a(j) = r*h(j) - z(j). Determine a(-1).
-4
Let s(l) = -l**2 - l + 19. Let j be s(4). Let z(k) = 31*k**3 - 2*k**2 + 1. Determine z(j).
-32
Let r(l) = -273*l + 142*l - 2 + 134*l. Give r(4).
10
Let l(o) = o**2 + 6*o + 3. Let a = -136 - -209. Let d = 68 - a. Calculate l(d).
-2
Let n(f) = -f. Let u be n(-2). Let s(a) = 3*a + u*a - 2*a - 20 + 10*a. Let h(r) = -3*r + 5. Let x(d) = 9*h(d) + 2*s(d). Determine x(3).
2
Let j(r) = 3*r - 6. Suppose 28 = 4*x - 2*s, 14 + 0 = 2*x + s. Calculate j(x).
15
Let m(a) = 36 + a**2 + 47 - a**3 - 85. Let s = -6 - -6. What is m(s)?
-2
Let x(r) = -6*r + 59. Let u(q) = -78*q + 774. Let b(s) = -2*u(s) + 27*x(s). Determine b(7).
3
Let z(m) = 240 - 124 + 4*m - 2*m**2 - 114. Give z(4).
-14
Let s(f) = -8 + 3*f - 3*f + f + 0*f. Let p be s(10). Let g(b) = 4 - 2*b**3 - 4*b**2 - 3 + b + 4*b**p - 2*b**2. Calculate g(-2).
7
Let k(z) = 19*z - 12. Let i be (-29)/((-8874)/270) - (-2)/17. What is k(i)?
7
Let v be 2/(-14) - (-2752)/448. Let m(u) = u - 2. What is m(v)?
4
Let c(w) = -11*w**2 - 80*w + 6. Let n(s) = 5*s**2 + 38*s - 3. Let k(q) = 6*c(q) + 13*n(q). What is k(13)?
10
Let x(w) = -w**3 + 2*w + 4. Let y be x(0). Let k(s) = s - 6. Let b be k(y). Let n(q) = -q**2 - 2*q - 2. Determine n(b).
-2
Suppose -w = -2*p - 11, 5*w - 43 = 3*p + p. Let g(t) = 26*t**2 + 25*t**2 + 7*t - t**3 + 22*t**2 - 67*t**2 + 6. Calculate g(w).
6
Suppose -2*c - 7 = -2*k + 23, 2*c + 5*k + 23 = 0. Let x be 2 + ((-22)/(-11))/(4/c). Let o(f) = -f**2 - 7*f - 4. Determine o(x).
6
Let t(c) = -2*c**2 + 3 - 5*c + 34*c**2 - 33*c**2. Let w(m) = -2*m + 5. Let x be w(-5). Suppose -3*r - x = -0. What is t(r)?
3
Let w(m) = 0*m**2 + m**3 - 5 + 8*m + 2*m**2 - 8*m**2. Suppose 25 = 6*j - j. Determine w(j).
10
Let v = -433 + 439. Let u(o) = o**3 - 2*o**2 - 2*o + 4. Let g(d) = 2*d**3 - 3*d**2 - 4*d + 7. Let s(r) = -4*g(r) + 9*u(r). Determine s(v).
-4
Let n(m) = -2*m - 2. Suppose 5*l = 4*k - 70, 4*l + 18 = k + 6. Let z = 18 - k. Calculate n(z).
2
Let x be 11/2 + (15/(-6) - -3). Let y(o) = 6*o**2 - 11*o - 10. Let a(g) = -5*g**2 + 11*g + 10. Let z(t) = x*y(t) + 7*a(t). Calculate z(-9).
-8
Let t(k) be the second derivative of k**3/3 + 5*k**2 - 124*k - 2. Give t(-7).
-4
Let q(x) = 3*x**3 + 8*x**2 - 4*x - 3 - 4*x**3 - x + 2 - 2*x. Suppose -4*r = -20 - 8. What is q(r)?
-1
Suppose 1 = -2*g + 13. Let v(r) = r**2 + g + 5*r + 10*r - 15*r - r**3. Suppose 4*f - 4 = 2*n, -f + 4*n = 3*f - 8. Calculate v(f).
6
Let o(p) be the third derivative of -p**7/840 + p**6/360 - p**5/60 + p**4/24 + p**3/2 + 12*p**2. Let x(d) be the first derivative of o(d). What is x(2)?
-7
Let b = 575 - 578. Let l(c) = -2*c**3 - 8*c**2 - 8*c - 4. Let m(p) = -3*p**3 - 12*p**2 - 12*p - 6. Let u(o) = -7*l(o) + 5*m(o). Determine u(b).
1
Suppose 0 = -n - 2 - 6. Let p(u) = -3*u + 9. Let s(o) = 5*o - 14. Let j(g) = n*p(g) - 5*s(g). Determine j(4).
-6
Let h(t) = -t**3 - 2*t**2 + 4*t + 2. Let i(o) = -3*o + o + 1 - 6 - o**2 - 4*o. Let f be i(-4). Suppose -6*w = -2*w + q + 9, 0 = f*w + 5*q - 6. Give h(w).
-1
Suppose -3 - 3 = -3*d. Let y(f) = 3*f**2 - 2*f + 8 + 8*f**2 - 10*f**2 - 7. Determine y(d).
1
Let f be (-4)/10 + 44/10. Let v(q) = 4*q + 383 - 765 + 378 - q**2. Let h be v(f). Let t(o) = -o**2 - 5*o - 2. Calculate t(h).
2
Let a(f) = -4 + f + f**2 + 7 - 2*f**2. Let t(k) = -4*k**2 + 2*k + 10. Let d(i) = 7*a(i) - 2*t(i). Let q be (4/(36/15))/(31/(-93)). Give d(q).
11
Let m(q) = -q**3 + 5*q**2 - q - 5. Suppose 3*h = 5*u + 34, -6*h + h + 38 = u. Suppose 2*z = -o + 4*z + 6, 0 = o - 4*z - h. What is m(o)?
7
Let o(b) = -b - 5. Suppose 6*q = 11*q + 40. What is o(q)?
3
Let k(j) be the third derivative of -j**5/60 + j**4/3 - 7*j**3/6 + 25*j**2. Let p = 3 - -3. Let h be k(p). Let l(m) = -m + 4. What is l(h)?
-1
Let v(x) = -x**3 + 3 - 2*x - 3 + 1 + 2*x. Determine v(1).
0
Let l(o) be the first derivative of 5*o**4/2 + o**3/3 - 65. Give l(-1).
-9
Let f(l) = 3*l**2 - 4*l + 2. Suppose 5*i = -0*i. Suppose i = -5*d + 2 + 48. Suppose 6*u - d = u. Calculate f(u).
6
Let j(s) = -s**2 + 7*s - 2. Suppose 98*v - 5 = 5*o + 94*v, 3*o - 14 = -v. Determine j(o).
10
Let t = -9 - -4. Let b(l) be the third derivative of -l**5/60 - l**4/12 + 7*l**3/6 + 63*l**2. What is b(t)?
-8
Let u(g) = g**2 + 5*g - 3. Let p be -6*((-8)/3 - -3). Let q(a) = a**3 + 2*a**2 + 3*a + 2. Let m be q(p). Calculate u(m).
-7
Suppose -4*